{"id":110,"date":"2010-12-20T12:41:24","date_gmt":"2010-12-20T10:41:24","guid":{"rendered":"http:\/\/mediprax.cz\/um1\/?page_id=110"},"modified":"2010-12-29T09:51:03","modified_gmt":"2010-12-29T07:51:03","slug":"obsahy-2003","status":"publish","type":"page","link":"https:\/\/urgentnimedicina.cz\/?page_id=110","title":{"rendered":"Obsahy 2003"},"content":{"rendered":"<h3>Obsah 1\/2003<\/h3>\n<p>3. Povinn\u00e9 statistiky zdravotnick\u00e9 zdravotnick\u00fdch z\u00e1chrann\u00fdch slu\u017eeb (Milana Pokorn\u00e1)<\/p>\n<p>4. Legislativn\u00ed podklady pro krizovou p\u0159ipravenost resortu zdravotnictv\u00ed \u2013 tentokr\u00e1t pohledem in\u017een\u00fdra (V\u00e1clav Fi\u0161er)<\/p>\n<p>5. Povodn\u011b 2002 a ZZS M\u011bln\u00edk \u2013 vahodnocen\u00ed \u010dinnosti b\u011bhem stavu nouze (Dana Hlav\u00e1\u010dkov\u00e1)<\/p>\n<p>Zku\u0161enosti z\u00a0USA (Jana \u0160eblov\u00e1)<\/p>\n<p>6. Z\u00e1chrann\u00e1 slu\u017eba v Rakousku a ve V\u00eddni \u2013 syst\u00e9m mezi tradic\u00ed a inovac\u00ed (Christopher Redelsteiner, Reinhard Malzer)<\/p>\n<p>7. Komorov\u00e9 tachyarytmie jako komplikace akutn\u00edch koron\u00e1rn\u00edch syndrom\u016f (Jaroslav Kaizr)<\/p>\n<p>8. \u010casn\u00e1 revaskularizace navazuj\u00edc\u00ed na KPR pro malign\u00ed arytmii (kazuistiky) (Marek Slab\u00fd, Eduard \u0160ebek)<\/p>\n<p>9. Panick\u00e1 porucha (Alena Proch\u00e1zkov\u00e1)<\/p>\n<p>10. Etick\u00e9 zamy\u0161len\u00ed nad urgentn\u00ed medic\u00ednou (Ji\u0159\u00ed \u0160imek)<\/p>\n<p>11. Urgentn\u00ed z\u00e1sah p\u0159i hromadn\u00e9m ne\u0161t\u011bst\u00ed, pacient v krizi a stresu, posttraumatick\u00e1 stresov\u00e1 12. porucha (Alena Proch\u00e1zkov\u00e1)<\/p>\n<p>13. V\u00e1\u017een\u00e1 redakcia! (Martin Balko)<\/p>\n<p>14. Ve\u0159ejn\u00fd p\u0159\u00edstup k defibrilaci<\/p>\n<h3>Obsah 2\/2003<\/h3>\n<p>1. \u00davodn\u00ed slovo (Jana \u0160eblov\u00e1)<\/p>\n<p>2. V\u00fdvoj a dne\u0161n\u00ed stav a perspektivy oboru urgentn\u00ed medic\u00edna (Ji\u0159\u00ed Pokorn\u00fd)<\/p>\n<p>3. Doporu\u010den\u00e9 postupy p\u0159i pl\u00e1nov\u00e1n\u00ed a rozvoji syst\u00e9mu urgentn\u00ed medic\u00edny a p\u0159ednemocni\u010dn\u00ed neodkladn\u00e9 p\u00e9\u010de v mezin\u00e1rodn\u00edm m\u011b\u0159\u00edtku (C. James Holliman)<\/p>\n<p>4. C\u00edlen\u00fd transport \u2013 organiza\u010dn\u00ed mo\u017enosti (Pavel Urb\u00e1nek)<\/p>\n<p>5. Faktory v\u00fdznamn\u00e9 pro p\u0159e\u017eit\u00ed pacient\u016f sti\u017een\u00fdch mimonemocni\u010dn\u00ed n\u00e1hlou z\u00e1stavou ob\u011bhu a mo\u017enosti jejich ovlivn\u011bn\u00ed (Ond\u0159ej Fran\u011bk)<\/p>\n<p>6. Z\u00e1chrann\u00e1 slu\u017eba v Izraeli \u2013 Eilatu (Krist\u00fdna H\u00f6schlov\u00e1)<\/p>\n<p>7. Konference NAEMSP a kurz pro vedouc\u00ed l\u00e9ka\u0159e z\u00e1chrann\u00fdch slu\u017eeb v\u00a0USA (Jana \u0160eblov\u00e1)<\/p>\n<p>8. Drogy a infekce (Ji\u0159ina Hobstov\u00e1)<\/p>\n<p>9. Sou\u010dasn\u00e9 mo\u017enosti a z\u00e1sady profylaxe p\u0159enosu HIV-1 (Ladislav Machala, Rudolf \u010cern\u00fd, Marie Sta\u0148kov\u00e1)<\/p>\n<p>10. Akutn\u00ed infarkt myokardu \u2013 skute\u010dn\u00e9 priority v\u00a0PNP (Pavel Urb\u00e1nek)<\/p>\n<p>11. K problematice centr\u00e1ln\u00edho anticholinergn\u00edho syndromu (Bo\u0159ivoj Dworacek)<\/p>\n<p>12. J\u00edzda s pou\u017eit\u00edm v\u00fdstra\u017en\u00fdch znamen\u00ed \u2013 p\u0159\u00ednos nebo riziko? (Jana \u0160eblov\u00e1)<\/p>\n<p>13. V. Brn\u011bnsk\u00e9 dny p\u0159ednemocni\u010dn\u00ed p\u00e9\u010de neodkladn\u00e9 p\u00e9\u010de (Pavel Urb\u00e1nek)<\/p>\n<p>14. Mezin\u00e1rodn\u00ed konference \u201eL\u00e9ka\u0159i proti teroru\u201c (Dana Hlav\u00e1\u010dkov\u00e1)<\/p>\n<p>15. Z\u00e1chrana 2003 \u2013 Martin 4.-7.9. 2003 (Dana Hlav\u00e1\u010dkov\u00e1)<\/p>\n<p>16. Problematika urgentn\u00edch p\u0159\u00edjm\u016f v p\u0159edn\u00e1\u0161ce Dr. Agnes Meulemans, z\u00e1stupkyn\u011b vedouc\u00edho l\u00e9ka\u0159e odd\u011blen\u00ed urgentn\u00edho p\u0159\u00edjmu katolick\u00e9 univerzity Leuven, Belgie (Dana Hlav\u00e1\u010dkov\u00e1)<\/p>\n<p>17. Rallye Rejv\u00edz 2003 (Ji\u0159\u00ed Danda)<\/p>\n<h3>Obsah 3\/2003<\/h3>\n<p>1. \u00davodn\u00ed slovo (Jana \u0160eblov\u00e1)<\/p>\n<p>2. Peter Safar, MD, otec neodkladn\u00e9 resuscitace, inov\u00e1tor, badatel, u\u010ditel, humanista (Ji\u0159\u00ed Pokorn\u00fd st.)<\/p>\n<p>3. V\u00fdznam univerzit (Peter Safar)<\/p>\n<p>4. Katedra urgentn\u00ed medic\u00edny a medic\u00edny katastrof IPVZ (Ji\u0159\u00ed Knor)<\/p>\n<p>5. Urgentn\u00ed medic\u00edna a ugrentn\u00ed p\u0159\u00edjmy \u2013 management popt\u00e1vky versus poskytov\u00e1n\u00ed akutn\u00ed p\u00e9\u010de (Agnes Meulemans)<\/p>\n<p>6. Belgie 2000 \u2013 Emergency Department (Milan Tich\u00e1\u010dek)<\/p>\n<p>7. Emergency Department \u2013 pr\u00edjmov\u00e9 odd\u011blen\u00ed v na\u0161ich podm\u00ednk\u00e1ch (Otakar Buda)<\/p>\n<p>8. Urgentn\u00ed p\u0159\u00edjem v Klaudi\u00e1nov\u011b nemocnici v Mlad\u00e9 Boleslavi (Josef Vos\u00e1dka, Michal Bedn\u00e1\u0159)<\/p>\n<p>9. Dispatch Life Support (Ond\u0159ej Fran\u011bk)<\/p>\n<p>10. Nafoukl\u00e1 bublina SARS? (Jaroslav Gutvirth)<\/p>\n<p>11. Vyhodnotenie \u00falohy \u201eDie\u0165a s epilepsiou\u201c z mezin\u00e1rodnej s\u00fa\u0165a\u017ee RR 2003 (Viliam Dobi\u00e1\u0161, Martin Balko, Hana Vackov\u00e1)<\/p>\n<p>12. Psychosoci\u00e1ln\u00ed pomoc a v\u00fdzkum jej\u00ed pot\u0159ebnosti v oblastech posti\u017een\u00fdch z\u00e1plavami (Dana Hlav\u00e1\u010dov\u00e1, Pavel Jansa)<\/p>\n<p>13. Diskuzn\u00ed p\u0159\u00edsp\u011bvek k \u010dl\u00e1nku CAS a zneu\u017e\u00edvan\u00e9 psychotropn\u00ed l\u00e1tky z \u010d\u00edsla 4\/2002 (Bo\u0159ivoj Dvo\u0159\u00e1\u010dek)<\/p>\n<p>14. Vybran\u00e1 abstrakta \u2013 13th World Congress on Disaster and Emergency Medicine, Melbourne 6.-10.5. 2003 (Vlasta Nekvapilov\u00e1)<\/p>\n<p>15. Z\u00e1chrana 2003 \u2013 Martin 4.-7.9. 2003 (Dana Hlav\u00e1\u010dkov\u00e1)<\/p>\n<p>16. Druh\u00fd st\u0159edomo\u0159sk\u00fd kongres urgemtn\u00ed medic\u00edny, Sitges\/Barcelona 13.-17.9. 2003 (Milan Tich\u00e1\u010dek)<\/p>\n<p>17. 9. v\u00fdro\u010dn\u00ed konference spole\u010dnosti pop\u00e1leninov\u00e9 medic\u00edny (Renata T\u016fmov\u00e1)<\/p>\n<p>15. Vztah mezi urgentn\u00ed a pop\u00e1leninovou medic\u00ednou (Ji\u0159\u00ed Pokorn\u00fd st.)<\/p>\n<h3>Obsah 4\/2003<\/h3>\n<p>1. \u00davodn\u00ed slovo (Jana \u0160eblov\u00e1)<\/p>\n<p>2. Terorismus a p\u0159ipravenost zdravotnictv\u00ed!? (Josef \u0160torek)<\/p>\n<p>3. Rok 2002 z pohledu v\u00fdkaz\u016f o \u010dinnosti ZZ A(MZ) 1-01 \u00daZIS \u2013 koment\u00e1\u0159 ke statistice (Ond\u0159ej Fran\u011bk)<\/p>\n<p>4. Statistika leteck\u00e9 z\u00e1chrann\u00e9 slu\u017eby v \u010cR 1998-2002 (Ji\u0159\u00ed Wachsmuth)<\/p>\n<p>5. Distribuovan\u00e9 zdravotnick\u00e9 opera\u010dn\u00ed st\u0159edisko kraje (Ond\u0159ej Fran\u011bk)<\/p>\n<p>6. Hromadn\u00e9 posti\u017een\u00ed zdrav\u00ed \u2013 dal\u0161\u00ed minuty z\u00e1sahu ZZS (Pavel Urb\u00e1nek)<\/p>\n<p>7. Vybaven\u00ed vozidel RLP\/RZP v\u00a0\u010cR (Milena Blahov\u00e1)<\/p>\n<p>8. Mobiln\u00ed pracovi\u0161t\u011b zdravotnick\u00e9 z\u00e1chrann\u00e9 slu\u017eby kraje (Ji\u0159\u00ed Wachsmuth)<\/p>\n<p>9. Nezvykl\u00e9 a\u017e raritn\u00ed kazuistiky na centr\u00e1ln\u00edm p\u0159\u00edjmu dosp\u011bl\u00fdch velk\u00e9 nemocnice (Martin Dvo\u0159\u00e1k, jarmila Dr\u00e1bkov\u00e1)<\/p>\n<p>10. Resuscitace novorozence (Jan Janota, Michal Prokop)<\/p>\n<p>11. Jednotn\u00fd sber d\u00e1t pri KPR \u2013 Utstein style (J\u00e1n Hencel)<\/p>\n<p>12. K \u010dl\u00e1nku \u201eAkutn\u00ed infarkt myokardu \u2013 skute\u010dn\u00e9 priority v PNP\u201c (Ond\u0159ej Fran\u011bk)<\/p>\n<p>13. Mezin\u00e1rodn\u00ed konference Rescue Jesen\u00edk 22. kv\u011btna 2003 (vybran\u00e1 abstrakta)<\/p>\n<p>14. Rescue Milovy 2003 (Jarmila Paukerov\u00e1)<\/p>\n<p>15. X. Dost\u00e1lovy dny (Jana \u0160eblov\u00e1)<\/p>\n","protected":false},"excerpt":{"rendered":"<p>Obsah 1\/2003 3. Povinn\u00e9 statistiky zdravotnick\u00e9 zdravotnick\u00fdch z\u00e1chrann\u00fdch slu\u017eeb (Milana Pokorn\u00e1) 4. Legislativn\u00ed podklady pro krizovou p\u0159ipravenost resortu zdravotnictv\u00ed \u2013 tentokr\u00e1t pohledem in\u017een\u00fdra (V\u00e1clav Fi\u0161er) 5. Povodn\u011b 2002 a ZZS M\u011bln\u00edk \u2013 vahodnocen\u00ed \u010dinnosti b\u011bhem stavu nouze (Dana Hlav\u00e1\u010dkov\u00e1) Zku\u0161enosti<\/p>\n","protected":false},"author":1,"featured_media":0,"parent":47,"menu_order":12,"comment_status":"closed","ping_status":"open","template":"","meta":{"footnotes":""},"class_list":["post-110","page","type-page","status-publish","hentry"],"_links":{"self":[{"href":"https:\/\/urgentnimedicina.cz\/index.php?rest_route=\/wp\/v2\/pages\/110","targetHints":{"allow":["GET"]}}],"collection":[{"href":"https:\/\/urgentnimedicina.cz\/index.php?rest_route=\/wp\/v2\/pages"}],"about":[{"href":"https:\/\/urgentnimedicina.cz\/index.php?rest_route=\/wp\/v2\/types\/page"}],"author":[{"embeddable":true,"href":"https:\/\/urgentnimedicina.cz\/index.php?rest_route=\/wp\/v2\/users\/1"}],"replies":[{"embeddable":true,"href":"https:\/\/urgentnimedicina.cz\/index.php?rest_route=%2Fwp%2Fv2%2Fcomments&post=110"}],"version-history":[{"count":0,"href":"https:\/\/urgentnimedicina.cz\/index.php?rest_route=\/wp\/v2\/pages\/110\/revisions"}],"up":[{"embeddable":true,"href":"https:\/\/urgentnimedicina.cz\/index.php?rest_route=\/wp\/v2\/pages\/47"}],"wp:attachment":[{"href":"https:\/\/urgentnimedicina.cz\/index.php?rest_route=%2Fwp%2Fv2%2Fmedia&parent=110"}],"curies":[{"name":"wp","href":"https:\/\/api.w.org\/{rel}","templated":true}]}}