{"id":178,"date":"2010-12-20T16:08:10","date_gmt":"2010-12-20T14:08:10","guid":{"rendered":"http:\/\/mediprax.cz\/um1\/?page_id=178"},"modified":"2010-12-29T09:50:15","modified_gmt":"2010-12-29T07:50:15","slug":"obsahy-2007","status":"publish","type":"page","link":"https:\/\/urgentnimedicina.cz\/?page_id=178","title":{"rendered":"Obsahy 2007"},"content":{"rendered":"<h3>Obsah 1\/2007<\/h3>\n<p>1. \u00davodn\u00ed slovo (Jana \u0160eblov\u00e1)<\/p>\n<p>2. Management kvality v z\u00e1chrann\u00e9 slu\u017eb\u011b (Christoph Redelsteiner)<\/p>\n<p>3. Kritick\u00e1 infrastruktura v bezpe\u010dnostn\u00ed politice zdravotnictv\u00ed (V\u00e1clav Fi\u0161er)<\/p>\n<p>4. \u010cty\u0159i kroky p\u0159i n\u00e1rodn\u00ed zdravotnick\u00e9 osv\u011bt\u011b na mega-terorismus (Leiba A., Blumenfeld A., Hourvitz A. et al.)<\/p>\n<p>5. Pro\u010d nen\u00ed zah\u00e1jena telefonicky asistovan\u00e1 neodkladn\u00e1 resuscitace? (Ond\u0159ej Fran\u011bk, Petra Sukupov\u00e1)<\/p>\n<p>6. Hypotermie v p\u0159ednemocni\u010dn\u00ed p\u00e9\u010di (Jana Kubalov\u00e1, David Tu\u010dek, Martin Honz\u00edk)<\/p>\n<p>7. Z\u00e1sady volby c\u00edlov\u00e9ho pracovi\u0161t\u011b p\u0159i o\u0161et\u0159ov\u00e1n\u00ed podchlazen\u00fdch pacient\u016f (Anatolij Truhl\u00e1\u0159, Martin Honz\u00edk, Ji\u0159\u00ed Ma\u0161ek, Vladim\u00edr Lonsk\u00fd)<\/p>\n<p>8. Poran\u011bn\u00ed p\u0159i exploz\u00edch (Ji\u0159\u00ed Pudil)<\/p>\n<p>9. Somatizace jako sou\u010d\u00e1st p\u0159ednemocni\u010dn\u00ed p\u00e9\u010de (Ji\u0159\u00ed Franz)<\/p>\n<p>10. Stres v pr\u00e1ci zdravotn\u00edckeho z\u00e1chran\u00e1ra (Elena Janiczekov\u00e1)<\/p>\n<p>11. K n\u00e1rodn\u00edmu kongresu Medic\u00edna katastrof Brno 2007 (Vlasta Neklapilov\u00e1)<\/p>\n<p>12. Dvan\u00e1ct p\u0159\u00edkaz\u016f pro l\u00e9ka\u0159e z\u00e1chrann\u00e9 slu\u017eby (Ze zahrani\u010dn\u00edch materi\u00e1l\u016f zpracoval Ji\u0159\u00ed Pokorn\u00fd)<\/p>\n<p>13. Zdravotnick\u00e1 odezva jednoho l\u00e9ka\u0159e a dvou zdravotn\u00edch sester na hromadn\u00e9 ne\u0161t\u011bst\u00ed na ostrovech Phi Phi po tsunami (Ze zahrani\u010dn\u00edch materi\u00e1l\u016f zpracoval Ji\u0159\u00ed Pokorn\u00fd)<\/p>\n<p>14. Informace z v\u00fdboru Spole\u010dnosti urgentn\u00ed medic\u00edny a medic\u00edny katastrof \u010cSL JEP<\/p>\n<h3>Obsah 2\/2007<\/h3>\n<p>1. \u00davodn\u00ed slovo (Jana \u0160eblov\u00e1)<\/p>\n<p>2. Hromadn\u00e9 posti\u017een\u00ed zdrav\u00ed \u010di velk\u00e1 nehoda \u2013 jak zasahovat v situac\u00edch s vy\u0161\u0161\u00edm po\u010dtem pacient\u016f (Pavel Urb\u00e1nek)<\/p>\n<p>3. P\u00edsemn\u00e9 testy na Rallye Rejv\u00edz 2007 (Michal Aur, Ond\u0159ej Fran\u011bk)<\/p>\n<p>4. Sout\u011b\u017e dispe\u010derek na Rallye Rejv\u00edz 2007 (Ond\u0159ej Fran\u011bk, Petra Sukupov\u00e1, Marek Uhl\u00ed\u0159)<\/p>\n<p>5. Transport pacienta s akutn\u00edm koron\u00e1rn\u00edm syndromem do PCI centra \u2013 je pos\u00e1dka nutnost\u00ed? (Ond\u0159ej Fran\u011bk)<\/p>\n<p>6. Meningitis C \u2013 fulminantn\u00ed pr\u016fb\u011bh u desetilet\u00e9ho d\u00edt\u011bte (Krist\u00fdna H\u00f6schlov\u00e1, Olga D\u017eupov\u00e1)<\/p>\n<p>7. Koniotomie v\u00a0praxi (Zsolt Kecskem\u00e9thy)<\/p>\n<p>8. Prevencia profesion\u00e1lneho po\u0161kodenia podporno-pohybovej s\u00fastavy pracovn\u00edkov urgentnej medic\u00edny (Anna Butorov\u00e1)<\/p>\n<p>9. Memento mezenteri\u00e1ln\u00ed ischemie pro l\u00e9ka\u0159e prvn\u00edho kontaktu (Ji\u0159\u00ed Franz)<\/p>\n<p>10. Telefonicky asistovan\u00e1 prvn\u00ed pomoc (TAPP) \u2013 doporu\u010den\u00fd postup v\u00fdboru UM a MK \u2013 \u010cLS JEP (Ond\u0159ej Fran\u011bk)<\/p>\n<p>11. Spr\u00e1vn\u00e1 praxe zdravotnick\u00e9ho opera\u010dn\u00edho st\u0159ediska \u2013 doporu\u010den\u00fd postup v\u00fdboru UM a MK \u2013 \u010cLS JEP (Ond\u0159ej Fran\u011bk)<\/p>\n<p>12. Etick\u00fd rozmer pr\u00e1ce zdravotn\u00edckeho z\u00e1chran\u00e1ra (Tatiana Rap\u010d\u00edkov\u00e1)<\/p>\n<p>13. Zdravotnic\u00fd z\u00e1chran\u00e1r \u2013 profesion\u00e1l, osobnos\u0165 (Dana Sihelsk\u00e1)<\/p>\n<p>14. Zamy\u0161len\u00ed nad leto\u0161n\u00ed Rallye Rejv\u00edz (Ivo Tukinski)<\/p>\n<p>15. Krajsk\u00e9 z\u00e1chranky \u2013 ka\u017ed\u00fd pes, jin\u00e1 ves. Dobr\u00e1 praxe pro budoucnost? (Robin \u0160\u00edn)<\/p>\n<p>16. Konference \u201eZ\u00e1chran\u00e1\u0159stv\u00ed v Euroregionu Nisa\u201c (Ji\u0159\u00ed Wachsmuthi)<\/p>\n<p>17. V\u00fdro\u010dn\u00ed kongres N\u011bmeck\u00e9 spole\u010dnosti medic\u00edny katastrof DKGM e.V. \u201eMedic\u00edna katastrof jako sou\u010d\u00e1st ochrany obyvatelstva\u201c (Vlasta Neklapilov\u00e1)<\/p>\n<p>18. VI: brn\u011bnsk\u00e9 dny PNP v\u00a0Mikulov\u011b (Jana \u0160eblov\u00e1)<\/p>\n<p>19. Sen\u00e1tn\u00ed konference (Jana \u0160eblov\u00e1)<\/p>\n<h3>Obsah 3\/2007<\/h3>\n<p>1. \u00davodn\u00ed slovo (Jana \u0160eblov\u00e1)<\/p>\n<p>2. Zdravotnick\u00e9 z\u00e1chrann\u00e9 slu\u017eby \u2013 vyj\u00e1d\u0159en\u00ed lidsk\u00fdch pr\u00e1v (S.W.A. Gunn)<\/p>\n<p>3. Koncepce krizov\u00e9 p\u0159ipravenosti zdravotnictv\u00ed (V\u00e1clav Fi\u0161er)<\/p>\n<p>4. Ciele a perspekt\u00edvy kliniky urgentnej medic\u00edny a medic\u00edny katastrof pri lek\u00e1rskej fakulte Univerzity Komensk\u00e9ho v Bratislave (Oto Mas\u00e1r, Marcel Brenner, Hana Ture\u010dkov\u00e1, Miroslav Chabro\u0148)<\/p>\n<p>5. N\u00e1rodn\u00ed registr d\u011btsk\u00fdch \u00faraz\u016f v \u010cesk\u00e9 republice (Ji\u0159\u00ed Knor)<\/p>\n<p>6. Urgentn\u00ed medic\u00edna ve francouzsk\u00e9m Vichy (Milo\u0161 Kr\u00e1l\u00ed\u010dek)<\/p>\n<p>7. Altitude Illness \u2013 nemoc z v\u00fd\u0161ky \u2013 prevence a jej\u00ed l\u00e9\u010dka (Jana Kubalov\u00e1)<\/p>\n<p>8. Akutn\u00ed infarkt zadn\u00ed st\u011bny \u2013 nep\u0159\u00edtel ze z\u00e1lohy (Roman \u0160kulec)<\/p>\n<p>9. Zdravotn\u00edcky z\u00e1chran\u00e1r a sestra \u2013 rovnocenn\u00ed partneri z\u00e1chrann\u00e9ho t\u00edmu (Tatiana Rap\u010d\u00edkov\u00e1, Elena Janiczekov\u00e1)<\/p>\n<p>10. Mobbing \u2013 psychick\u00fd teror na pracovisku (Dana Sihelsk\u00e1)<\/p>\n<p>11. Koment\u00e1\u0159 \u010dl\u00e1nku Fran\u011bk O: Transport pacienta s akutn\u00edm koron\u00e1rn\u00edm syndromem do PCI centra \u2013 je pos\u00e1dka RLP nutnost\u00ed? Urgentn\u00ed medic\u00edna, 2007; 10:10-12. (Roman \u0160kulec)<\/p>\n<p>12. Odpov\u011b\u010f MUDr.O.Fra\u0148ka (Ond\u0159ej Fran\u011bk)<\/p>\n<p>13. Mezin\u00e1rodn\u00ed konference Jabloneck\u00e1 Rescue Ski (Jana Kristekov\u00e1)<\/p>\n<p>14. MEMC IV \u2013 4.st\u0159edomo\u0159sk\u00fd kongres urgentn\u00ed medic\u00edny, Sorrento, 15.-19.z\u00e1\u0159\u00ed 2007 (Jana \u0160eblov\u00e1, Roman \u0160kulec)<\/p>\n<h3>Obsah 4\/2007<\/h3>\n<p>1. \u00davodn\u00ed slovo (Jana \u0160eblov\u00e1)<\/p>\n<p>2. P\u0159ednemocni\u010dn\u00ed p\u00e9\u010de o nemocn\u00e9 a ran\u011bn\u00e9 v minulosti (Ji\u0159\u00ed Pokorn\u00fd sen.)<\/p>\n<p>3. Z\u00e1chrann\u00e1 slu\u017eba v Izraeli (Ond\u0159ej Fran\u011bk)<\/p>\n<p>4. Emergency 2007 \u2013 Maastricht (Nizozem\u00ed), Leuven (Belgie) (David Tu\u010dek, Jarom\u00edr Ko\u010d\u00ed, Iveta Lodrov\u00e1)<\/p>\n<p>5. Akutn\u00ed infarkt prav\u00e9 komory \u2013 je pot\u0159ebn\u00e9 ho diagnostikovat v p\u0159ednemocni\u010dn\u00ed p\u00e9\u010di? (Roman \u0160kulec)<\/p>\n<p>6. Hypoglyk\u00e9mia v podmienkach prednemocni\u010dnej starostlivost (T\u00e1\u0148a Bul\u00edkov\u00e1)<\/p>\n<p>7. Out-of-hospital Use of Flumazenil (Sladjana Andjelic, Prof. Slobodan Jankovic)<\/p>\n<p>8. Otrava Coaxilem (Juljo Has\u00edk)<\/p>\n<p>9. III. Rallye z\u00e1chrann\u00fdch slu\u017eeb a kongres PNP v Anka\u0159e 2007 (Tom\u00e1\u0161 Va\u0148atka, Luk\u00e1\u0161 Kettner)<\/p>\n<p>10. Z\u00e1chran\u00e1\u0159i Rokytnice 2007 (Jarmila Paukertov\u00e1)<\/p>\n<p>11. Informace z v\u00fdboru Odborn\u00e9 spole\u010dnosti urgentn\u00ed medic\u00edny a medic\u00edny katastrof \u010cLS JEP (Jana \u0160eblov\u00e1)<\/p>\n<p>12. Programov\u00e9 prohl\u00e1\u0161en\u00ed o urgentn\u00ed medic\u00edn\u011b v Evprop\u011b (EuSEM \u2013 Evropsk\u00e1 spole\u010dnost urgentn\u00ed medic\u00edny)<\/p>\n<p>13. Airmed, Praha 20.-23.kv\u011btna 2008<\/p>\n<p>14. Z\u00e1chrana 2008, 25.-28.z\u00e1\u0159\u00ed 2008<\/p>\n","protected":false},"excerpt":{"rendered":"<p>Obsah 1\/2007 1. \u00davodn\u00ed slovo (Jana \u0160eblov\u00e1) 2. Management kvality v z\u00e1chrann\u00e9 slu\u017eb\u011b (Christoph Redelsteiner) 3. Kritick\u00e1 infrastruktura v bezpe\u010dnostn\u00ed politice zdravotnictv\u00ed (V\u00e1clav Fi\u0161er) 4. \u010cty\u0159i kroky p\u0159i n\u00e1rodn\u00ed zdravotnick\u00e9 osv\u011bt\u011b na mega-terorismus (Leiba A., Blumenfeld A., Hourvitz A. et<\/p>\n","protected":false},"author":1,"featured_media":0,"parent":47,"menu_order":8,"comment_status":"closed","ping_status":"closed","template":"","meta":{"footnotes":""},"class_list":["post-178","page","type-page","status-publish","hentry"],"_links":{"self":[{"href":"https:\/\/urgentnimedicina.cz\/index.php?rest_route=\/wp\/v2\/pages\/178","targetHints":{"allow":["GET"]}}],"collection":[{"href":"https:\/\/urgentnimedicina.cz\/index.php?rest_route=\/wp\/v2\/pages"}],"about":[{"href":"https:\/\/urgentnimedicina.cz\/index.php?rest_route=\/wp\/v2\/types\/page"}],"author":[{"embeddable":true,"href":"https:\/\/urgentnimedicina.cz\/index.php?rest_route=\/wp\/v2\/users\/1"}],"replies":[{"embeddable":true,"href":"https:\/\/urgentnimedicina.cz\/index.php?rest_route=%2Fwp%2Fv2%2Fcomments&post=178"}],"version-history":[{"count":0,"href":"https:\/\/urgentnimedicina.cz\/index.php?rest_route=\/wp\/v2\/pages\/178\/revisions"}],"up":[{"embeddable":true,"href":"https:\/\/urgentnimedicina.cz\/index.php?rest_route=\/wp\/v2\/pages\/47"}],"wp:attachment":[{"href":"https:\/\/urgentnimedicina.cz\/index.php?rest_route=%2Fwp%2Fv2%2Fmedia&parent=178"}],"curies":[{"name":"wp","href":"https:\/\/api.w.org\/{rel}","templated":true}]}}