{"id":499,"date":"2012-04-13T14:44:25","date_gmt":"2012-04-13T12:44:25","guid":{"rendered":"http:\/\/mediprax.cz\/um\/?page_id=499"},"modified":"2013-03-20T16:24:31","modified_gmt":"2013-03-20T14:24:31","slug":"obsahy-2012","status":"publish","type":"page","link":"https:\/\/urgentnimedicina.cz\/?page_id=499","title":{"rendered":"Obsahy 2012"},"content":{"rendered":"<h3>Obsah 1\/2012<\/h3>\n<p>\u00davod<\/p>\n<ul>\n<li>\u00davodn\u00ed slovo &#8211;\u00a0<em>Jana \u0160eblov\u00e1<\/em><\/li>\n<li>Obsah<\/li>\n<\/ul>\n<p>Vzd\u011bl\u00e1v\u00e1n\u00ed \u2013 zku\u0161enosti<\/p>\n<ul>\n<li>Organizace poskytov\u00e1n\u00ed p\u0159ednemocni\u010dn\u00ed neodkladn\u00e9 p\u00e9\u010de v Tosk\u00e1nsku \u2013\u00a0<em>Robin \u0160\u00edn, Dana Vaccari, Roberto Vatteroni<\/em><\/li>\n<li>Humanit\u00e1rn\u00ed pohotovost \u010cesk\u00e9ho \u010derven\u00e9ho k\u0159\u00ed\u017ee a zku\u0161enosti z nasazen\u00ed p\u0159i po\u017e\u00e1ru panelov\u00e9ho domu v Praze a ze sou\u010dinnostn\u00edho cvi\u010den\u00ed IZS &#8211; nehoda autobusu a tramvaje \u2013\u00a0<em>Richard Smejkal<\/em><\/li>\n<\/ul>\n<p>Odborn\u00e9 t\u00e9ma l\u00e9ka\u0159sk\u00e9<\/p>\n<ul>\n<li>N\u00e1hl\u00e1 z\u00e1stava ob\u011bhu jako holoorganick\u00fd inzult \u2013\u00a0<em>Ji\u0159\u00ed Knor, Roman \u0160kulec, Jana \u0160eblov\u00e1<\/em><\/li>\n<li>T\u0159\u00edd\u011bn\u00ed ud\u00e1lost\u00ed s dominuj\u00edc\u00ed poruchou d\u00fdch\u00e1n\u00ed oper\u00e1torem zdravotnick\u00e9ho opera\u010dn\u00edho st\u0159ediska \u2013\u00a0<em>Ond\u0159ej Fran\u011bk<\/em><\/li>\n<\/ul>\n<p>Etika, psychologie, pr\u00e1vo<\/p>\n<ul>\n<li>&#8222;P\u00edpni&#8220; &#8211; anal\u00fdza nesout\u011b\u017en\u00ed \u00falohy na Rallye Rejv\u00edz 2010 \u2013\u00a0<em>Jana \u0160eblov\u00e1, Blanka \u010cepick\u00e1, Dominika \u0160eblov\u00e1, Dana Hlav\u00e1\u010dkov\u00e1<\/em><\/li>\n<li>D\u0159\u00edve vysloven\u00e1 p\u0159\u00e1n\u00ed a nutnost jejich respektov\u00e1n\u00ed \u2013\u00a0<em>Roman \u017d\u010f\u00e1rek<\/em><\/li>\n<li>Pacient pod vlivem alkoholu na urgentn\u00edm p\u0159\u00edjmu &#8211; pohled pr\u00e1vn\u00edka \u2013\u00a0<em>Lubom\u00edr Vondr\u00e1\u010dek, Jan Vondr\u00e1\u010dek, Vladim\u00edra Dvo\u0159\u00e1kov\u00e1<\/em><\/li>\n<li>St\u0159\u00edpky z historie \u2013\u00a0<em>David Dvo\u0159\u00e1\u010dek<\/em><\/li>\n<li>Za\u010d\u00e1tky Leteck\u00e9 z\u00e1chrann\u00e9 slu\u017eby v \u010ceskoslovensku \u2013\u00a0<em>Ji\u0159\u00ed Pokorn\u00fd sen.<\/em><\/li>\n<\/ul>\n<p>Resuscitace \u2013 zpravodaj \u010cesk\u00e9 resuscita\u010dn\u00ed rasy<\/p>\n<ul>\n<li>V\u00fdb\u011br z recentn\u00ed literatury o srde\u010dn\u00ed z\u00e1stav\u011b \u2013\u00a0<em>Roman \u0160kulec<\/em><\/li>\n<li>Informace z b\u0159eznov\u00fdch kurz\u016f ALS \u2013\u00a0<em>Anatolij Truhl\u00e1\u0159<\/em><\/li>\n<li>Identifikace n\u00e1hl\u00e9 z\u00e1stavy ob\u011bhu &#8211; k\u00e1men \u00farazu? \u2013\u00a0<em>Ond\u0159ej Fran\u011bk<\/em><\/li>\n<\/ul>\n<h3>Obsah 2\/2012<\/h3>\n<p>\u00davod<\/p>\n<ul>\n<li>\u00davodn\u00ed slovo &#8211; <em>Jana \u0160eblov\u00e1<\/em><\/li>\n<li>Obsah<\/li>\n<\/ul>\n<p>Koncepce, \u0159\u00edzen\u00ed, organizace<\/p>\n<ul>\n<li>Bombov\u00fd \u00fatok na vl\u00e1dn\u00ed \u010dtvr\u0165 v Oslo a st\u0159elba na ostrov\u011b Utoya 22. \u010dervence 2011: okam\u017eit\u00e1 odezva zdravotnick\u00e9 z\u00e1chrann\u00e9 slu\u017eby &#8211; <em>Stephen J.M. Solid, Rune Rimstad, Maurius Rehn et. al<\/em><\/li>\n<\/ul>\n<p>Odborn\u00e9 t\u00e9ma l\u00e9ka\u0159sk\u00e9<\/p>\n<ul>\n<li>Doporu\u010den\u00fd postup diagnostiky a l\u00e9\u010dby pot\u00e1p\u011b\u010dsk\u00e9 dekompresn\u00ed nehody &#8211; <em>\u0160t\u011bp\u00e1n Novotn\u00fd, Hana P\u00e1cov\u00e1<\/em><\/li>\n<li>M\u016f\u017ee ultrasonogafie v ter\u00e9nu zlep\u0161it kvalitu p\u0159ednemocni\u010dn\u00ed neodkladn\u00e9 p\u00e9\u010de? &#8211; <em>Roman \u0160kulec<\/em><\/li>\n<li>Suicid\u00e1ln\u00ed jedn\u00e1n\u00ed jate\u010dn\u00edm p\u0159\u00edstrojem &#8211; <em>Patrik Christian Cmorej, Miroslava Kuklov\u00e1<\/em><\/li>\n<li>Ak\u00fatne konf\u00fazne stavy v z\u00e1chrannej slu\u017ebe &#8211; <em>T\u00e1\u0148a Bul\u00edkov\u00e1<\/em><\/li>\n<\/ul>\n<p>Etika, psychologie, pr\u00e1vo<\/p>\n<ul>\n<li>\u00davaha: Jak p\u0159edch\u00e1zet st\u00ed\u017enostem p\u0159i poskytov\u00e1n\u00ed neodkladn\u00e9 p\u00e9\u010de &#8211; <em>Jan Vondr\u00e1\u010dek, Petr Kolouch, Lubom\u00edr Vondr\u00e1\u010dek<\/em><\/li>\n<\/ul>\n<p>Resuscitace \u2013 zpravodaj \u010cesk\u00e9 resuscita\u010dn\u00ed rasy<\/p>\n<ul>\n<li>Kardiopulmon\u00e1ln\u00ed resuscitace z pohledu roku 2012 &#8211; <em>Jarmila Dr\u00e1bkov\u00e1<\/em><\/li>\n<li>II. odborn\u00e9 symposium \u010cesk\u00e9 resuscita\u010dn\u00ed rady &#8211; <em>Anatolij Truhl\u00e1\u0159<\/em><\/li>\n<\/ul>\n<p>Informa\u010dn\u00ed servis<\/p>\n<ul>\n<li>Zpr\u00e1vy z v\u00fdboru Spole\u010dnosti urgentn\u00ed medic\u00edny a medic\u00edny katastrof \u010cLS JEP &#8211; <em>Jana \u0160eblov\u00e1<\/em><\/li>\n<li>Zlat\u00fd z\u00e1chran\u00e1\u0159sk\u00fd k\u0159\u00ed\u017e za rok 2011 &#8211; <em>Jana \u0160eblov\u00e1<\/em><\/li>\n<\/ul>\n<h3>Obsah 3\/2012<\/h3>\n<p>\u00davod<\/p>\n<ul>\n<li>\u00davodn\u00ed slovo &#8211;\u00a0Jana \u0160eblov\u00e1<\/li>\n<li>Obsah<\/li>\n<\/ul>\n<p>Koncepce, \u0159\u00edzen\u00ed, organizace<\/p>\n<ul>\n<li>Management kvality p\u0159ednemocni\u010dn\u00ed neodkladn\u00e9 p\u00e9\u010de v \u010cesk\u00e9 republice &#8211; <em>Hana Reichelov\u00e1<\/em><\/li>\n<li>Sledov\u00e1n\u00ed mimo\u0159\u00e1dn\u00fdch ud\u00e1lost\u00ed a katastrof a Koordina\u010dn\u00ed st\u0159edisko medic\u00edny katastrof &#8211; <em>Ji\u0159\u00ed Zeman<\/em><\/li>\n<\/ul>\n<p>Vzd\u011bl\u00e1v\u00e1n\u00ed, zku\u0161enosti<\/p>\n<ul>\n<li>V\u011bdomosti pracovn\u00edk\u016f v soci\u00e1ln\u00edch slu\u017eb\u00e1ch o kardiopulmon\u00e1ln\u00ed resuscitaci &#8211; <em>Zlatica Dorkov\u00e1<\/em><\/li>\n<li>Britsk\u00e9 specializa\u010dn\u00ed zkou\u0161ky v urgentn\u00ed medic\u00edn\u011b &#8211; <em>Jana \u0160eblov\u00e1<\/em><\/li>\n<\/ul>\n<p>Odborn\u00e9 t\u00e9ma l\u00e9ka\u0159sk\u00e9<\/p>\n<ul>\n<li>Z\u00e1sady p\u0159ednemocni\u010dn\u00edho o\u0161et\u0159en\u00ed pop\u00e1leninov\u00e9ho traumatu &#8211; <em>Lubom\u00edr Bro\u017e, Ji\u0159\u00ed Lojda<\/em><\/li>\n<li>Odborn\u00e9 doporu\u010den\u00ed pro intoxikaci metanolem &#8211; <em>Sergey Zakharov<\/em><\/li>\n<li>Vybran\u00e9 aspekty p\u00e9\u010de o pacienty se z\u00e1va\u017enou poruchou ren\u00e1ln\u00edch funkc\u00ed a pacienty v dialyza\u010dn\u00edm programu &#8211; <em>Jaroslav Kratochv\u00edl, Mark\u00e9ta Hra\u0161kov\u00e1<\/em><\/li>\n<li>Kyselina gama-hydrom\u00e1seln\u00e1 (GHB): rekrea\u010dn\u00ed droga pou\u017e\u00edv\u00e1na tak\u00e9 jako &#8222;date-rape drug&#8220; &#8211; <em>Jaroslav Kratochv\u00edl<\/em><\/li>\n<li>EKG diagnostika zdravotnick\u00fdm z\u00e1chran\u00e1\u0159em v pos\u00e1dce RZP &#8211; <em>Patrik Christian Cmorej<\/em><\/li>\n<\/ul>\n<p>Resuscitace \u2013 zpravodaj \u010cesk\u00e9 resuscita\u010dn\u00ed rasy<\/p>\n<ul>\n<li>Prevence n\u00e1hl\u00e9 srde\u010dn\u00ed smrti p\u0159i olympijsk\u00fdch hr\u00e1ch v Lond\u00fdn\u011b &#8211; <em>Jarmila Dr\u00e1bkov\u00e1, Anatolij Truhl\u00e1\u0159<\/em><\/li>\n<li>Post\u0159ehy z praxe &#8211;\u00a0<em>Anatolij Truhl\u00e1\u0159<\/em><\/li>\n<\/ul>\n<h3>Obsah 4\/2012<\/h3>\n<p>\u00davod<\/p>\n<ul>\n<li>\u00davodn\u00ed slovo &#8211;\u00a0<em>Jana \u0160eblov\u00e1<\/em><\/li>\n<li>Obsah<\/li>\n<\/ul>\n<p>Koncepce, \u0159\u00edzen\u00ed, organizace<\/p>\n<ul>\n<li>Centralizace opera\u010dn\u00edho \u0159\u00edzen\u00ed Zdravotnick\u00e9 z\u00e1chrann\u00e9 slu\u017eby St\u0159edo\u010desk\u00e9ho kraje: vlivy na kvalitu p\u00e9\u010de &#8211; <em>Jan Bradna<\/em><\/li>\n<\/ul>\n<p>Vzd\u011bl\u00e1v\u00e1n\u00ed, zku\u0161enosti<\/p>\n<ul>\n<li>Leteck\u00e1 nehoda v Praze &#8211; jsme p\u0159ipraveni? &#8211; <em>Alan Ryba, Luk\u00e1\u0161 Taj\u010dman<\/em><\/li>\n<li>Studentsk\u00fd marat\u00f3n Biskupce 2012 &#8211; <em>Ivo Trh\u00e1\u010d<\/em><\/li>\n<\/ul>\n<p>Odborn\u00e9 t\u00e9ma l\u00e9ka\u0159sk\u00e9<\/p>\n<ul>\n<li>Toxikologie nov\u00fdch &#8222;leg\u00e1ln\u00edch rekrea\u010dn\u00edch drog&#8220;: empatogeny\/entaktogeny &#8211; analogy &#8222;ext\u00e1ze&#8220; (MDMA) ze skupin aminoindanu a aminotetralinu &#8211; <em>Sergey Zakharov, Hana Rakovcov\u00e1, Daniela Pelcov\u00e1 <\/em><\/li>\n<li>Odborn\u00e9 doporu\u010den\u00ed pro intoxikaci isopropylalkoholem<\/li>\n<li>Opakovan\u00e9 v\u00fdjezdy zdravotnick\u00e9 z\u00e1chrann\u00e9 slu\u017eby k pacient\u016fm p\u0159edan\u00fdm do zdravotnick\u00e9ho za\u0159\u00edzen\u00ed &#8211; <em>Ond\u0159ej Fran\u011bk, Jaroslav Val\u00e1\u0161ek<\/em><\/li>\n<li>Akutn\u00e9 stavy v psychiatrii v prvom kontakte &#8211; Vanda Valku\u010d\u00e1kov\u00e1, Oto Mas\u00e1r<\/li>\n<li>M\u016f\u017eeme m\u011b\u0159it hemoglobin a hematokrit levn\u00fdm p\u0159\u00edstrojem v p\u0159ednemocni\u010dn\u00ed neodkladn\u00e9 p\u00e9\u010di? &#8211; <em>Patrik Christian Cmorej, Jan Popelka<\/em><\/li>\n<\/ul>\n<p>Informa\u010dn\u00ed servis<\/p>\n<ul>\n<li>Urgentn\u00ed medic\u00edna v pivovaru &#8211; Plze\u0148sk\u00e9 dny urgentn\u00ed medic\u00edny 2012, Pivovar Purkmistr, Plze\u0148, 20. &#8211; 21. z\u00e1\u0159\u00ed 2012 &#8211; <em>Robin \u0160\u00edn, Roman Svit\u00e1k<\/em><\/li>\n<li>Pra\u017esk\u00e1 155 &#8211; <em>Ond\u0159ej \u0160im\u016fnek<\/em><\/li>\n<li>Evropsk\u00fd kongres urgentn\u00ed medic\u00edny 2012, Antalya &#8211; <em>Jana \u0160eblov\u00e1<\/em><\/li>\n<li>XVIII. Dost\u00e1lovy dny urgentn\u00ed medic\u00edny &#8211; <em>Jana \u0160eblov\u00e1<\/em><\/li>\n<li>EuSEM Refresher Course, Berl\u00edn &#8211; <em>Marek Dvo\u0159\u00e1k, Jaroslav Kratochv\u00edl<\/em><\/li>\n<li>Emergency Medical Course, 4. &#8211; 9. 11. 2012, Izrael &#8211; <em>Abraham Bu\u010dek<\/em><\/li>\n<li>Workshop &#8222;Mass Casualty Preparedness&#8220; (Hradec Kr\u00e1lov\u00e9 28. 11. 2012) &#8211; <em>Vlasta Neklapilov\u00e1<\/em><\/li>\n<li>Sout\u011b\u017e diplomov\u00fdch prac\u00ed &#8211; Cena spole\u010dnosti MEDIPRAX CB s.r.o. 2012<\/li>\n<\/ul>\n","protected":false},"excerpt":{"rendered":"<p>Obsah 1\/2012 \u00davod \u00davodn\u00ed slovo &#8211;\u00a0Jana \u0160eblov\u00e1 Obsah Vzd\u011bl\u00e1v\u00e1n\u00ed \u2013 zku\u0161enosti Organizace poskytov\u00e1n\u00ed p\u0159ednemocni\u010dn\u00ed neodkladn\u00e9 p\u00e9\u010de v Tosk\u00e1nsku \u2013\u00a0Robin \u0160\u00edn, Dana Vaccari, Roberto Vatteroni Humanit\u00e1rn\u00ed pohotovost \u010cesk\u00e9ho \u010derven\u00e9ho k\u0159\u00ed\u017ee a zku\u0161enosti z nasazen\u00ed p\u0159i po\u017e\u00e1ru panelov\u00e9ho domu v Praze a<\/p>\n","protected":false},"author":1,"featured_media":0,"parent":47,"menu_order":3,"comment_status":"closed","ping_status":"closed","template":"","meta":{"footnotes":""},"class_list":["post-499","page","type-page","status-publish","hentry"],"_links":{"self":[{"href":"https:\/\/urgentnimedicina.cz\/index.php?rest_route=\/wp\/v2\/pages\/499","targetHints":{"allow":["GET"]}}],"collection":[{"href":"https:\/\/urgentnimedicina.cz\/index.php?rest_route=\/wp\/v2\/pages"}],"about":[{"href":"https:\/\/urgentnimedicina.cz\/index.php?rest_route=\/wp\/v2\/types\/page"}],"author":[{"embeddable":true,"href":"https:\/\/urgentnimedicina.cz\/index.php?rest_route=\/wp\/v2\/users\/1"}],"replies":[{"embeddable":true,"href":"https:\/\/urgentnimedicina.cz\/index.php?rest_route=%2Fwp%2Fv2%2Fcomments&post=499"}],"version-history":[{"count":0,"href":"https:\/\/urgentnimedicina.cz\/index.php?rest_route=\/wp\/v2\/pages\/499\/revisions"}],"up":[{"embeddable":true,"href":"https:\/\/urgentnimedicina.cz\/index.php?rest_route=\/wp\/v2\/pages\/47"}],"wp:attachment":[{"href":"https:\/\/urgentnimedicina.cz\/index.php?rest_route=%2Fwp%2Fv2%2Fmedia&parent=499"}],"curies":[{"name":"wp","href":"https:\/\/api.w.org\/{rel}","templated":true}]}}